11 - 3)*r/2?
2, 3
What are the prime factors of 4/8 + 36/8?
5
Let n be (1/2)/(7/252). Suppose -4*q + n = -70. List the prime factors of q.
2, 11
Let k(l) be the third derivative of l**5/30 + l**4/8 + l**3/6 + 2*l**2. Let z be k(-3). What are the prime factors of 6/15 - (-76)/z?
2
Let x(b) = -b**3 - 5*b**2 - 3*b - 2. Let t be x(-2). Let s(p) be the first derivative of p**2/2 + 10*p + 5. What are the prime factors of s(t)?
2
Suppose -i = 3*s - 54, 3*i = -5*s + 115 - 25. What are the prime factors of s?
2, 3
Let s be 10 + (-3)/6*2. Let b = 5 + -3. Suppose -b*f = -5*f + s. List the prime factors of f.
3
Let a(k) = k**3 + 4*k**2 - 5*k - 2. Let b = 3 + -7. List the prime factors of a(b).
2, 3
Let x(m) = -1 - 2 - 9*m - 6 - m**2. List the prime factors of x(-6).
3
Suppose -2*i + 40 + 31 = -3*t, 157 = 4*i - 3*t. What are the prime factors of i?
43
Let y be -3*(-1 - 0) + -8. Let j = y - -25. List the prime factors of j.
2, 5
Let p be (-19)/(-3) - 4/(-6). List the prime factors of (-14)/(-7)*p/2.
7
Let g(i) be the first derivative of -i**4/4 - i**3 + 3*i**2/2 - i - 2. Let n be g(-4). Suppose -4*r = y + 2*y - 5, n*y = -r - 10. List the prime factors of r.
5
Let z = 124 - 349. List the prime factors of (-1)/4 + z/(-20).
11
Suppose -a - 2*a = 0, 3*f = -3*a - 24. Let v(d) = -2*d - 6. Let b be v(f). Suppose b = l - 6. What are the prime factors of l?
2
Suppose 0 = t - 2 - 2. Suppose 0 = s + t, 0 = -2*b + 4*b + 5*s + 44. List the prime factors of (-16)/b + 2/3.
2
Suppose 2*l = -0*l + 34. Let s = l + -5. List the prime factors of s.
2, 3
Suppose 0 = 5*s - 3*u - u - 35, 3*u = -3*s - 6. List the prime factors of s.
3
Let m(u) = -u**2 - 5*u - 4. Let y(h) = 2*h - 1. Let a be y(-1). Let i be m(a). Let l(t) = 2*t**3 - 3*t + 1. What are the prime factors of l(i)?
11
Let a = 22 + -15. Let b(t) be the third derivative of t**5/60 - t**4/6 - 2*t**3/3 - t**2. What are the prime factors of b(a)?
17
Let w(f) = -2*f - 3. Let s be w(-13). Let x = s - 15. List the prime factors of x.
2
Let v(b) = -b + 5. Let f be v(2). Suppose -f*j = -4*g + j - 8, 2*j + 2 = 4*g. What are the prime factors of g?
3
Suppose 5*q - 738 + 98 = 0. What are the prime factors of q?
2
Let q(p) = -3*p + 7. Let s(j) = j. Let x(c) = q(c) + 2*s(c). What are the prime factors of x(-10)?
17
Let k = -19 + 45. Suppose 3*w + 2*z - k = 7*z, -5*z + 34 = 2*w. What are the prime factors of w?
2, 3
Suppose -8*i = -9*i + 224. List the prime factors of i.
2, 7
Let k(x) be the second derivative of -x**3/6 + 2*x**2 - x. Let y = -152 + 149. What are the prime factors of k(y)?
7
Suppose -3 = i - 3*x, 3*i = -3*x - 4 - 17. Let o(m) = -m**2 - 8*m - 9. Let c be o(i). Let w = c - -2. List the prime factors of w.
5
Suppose -12*s + 11*s = 2. What are the prime factors of (-60)/(-70)*(-56)/s?
2, 3
List the prime factors of (1 - -3) + (-2 - -26).
2, 7
Let v(f) = -f**2 - 2*f - 1. Let l = 5 + -6. Let w be v(l). Suppose w = 3*u + 3*b - 45, 2*b + 6 = 3*u - 29. List the prime factors of u.
13
Let r(h) = 0*h - 3*h - 4 - h**2 + 2*h - 4*h. Suppose 0 = 2*a - 4*a - 6. List the prime factors of r(a).
2
Suppose j = -3*f + 54, -4*f - 4 = -0. List the prime factors of j.
3, 19
Let a(p) = p**2 + 8*p - 7. Let j be a(-7). Let i be (-32)/j - 10/35. Suppose -64 = -5*o - 3*t, -i*t - t - 2 = -o. What are the prime factors of o?
11
Let b(q) be the first derivative of 2*q**3/3 - 4*q**2 + 8*q + 8. List the prime factors of b(5).
2, 3
Let n(z) = 9*z**2 + 2. What are the prime factors of n(2)?
2, 19
Let o = 5 - 13. Let l = o + 9. List the prime factors of (-77)/(-14)*(l - -1).
11
Suppose -2*y = 2*f - 4, 3*f - 4*f - 4 = -2*y. Suppose -3*x = y*x - 105. List the prime factors of x.
3, 7
Suppose -n - 4*m + 36 = 0, 3*m - 22 = -2*n + 40. Suppose 18 + n = 2*u. Suppose 5*v - 83 + u = 0. What are the prime factors of v?
2, 3
Suppose 4*d + h = 3*h + 172, -d = -3*h - 43. Let w = -6 + d. What are the prime factors of w?
37
Suppose u = -u + 8. Suppose -u*p = -9*p + 25. Suppose p*b = -3 + 23. List the prime factors of b.
2
Let f be (-15)/(-20)*1*4. Suppose -2*k = -f*k - 15. Let p = k - -27. List the prime factors of p.
2, 3
Let h(y) = -4*y + 94. List the prime factors of h(15).
2, 17
Let p(b) = 8 + 1 - b + 1 + 1. Let r = 10 - 4. What are the prime factors of p(r)?
5
Let t be 2*3*2/12. What are the prime factors of -7*1/((-1)/t)?
7
Let g(x) = x**2 + 5*x + 6. Let s = -5 - -1. What are the prime factors of g(s)?
2
Let q(n) = -n**2 - 6*n + 1. Let x be q(-7). Let d = x - -7. List the prime factors of d + 11 + (-3 - 0).
3
Suppose 28 - 4 = 6*k. Suppose -5*t = -k*f - 224, -3*t + 0*f + 134 = -2*f. List the prime factors of t.
2, 11
Let l be -3*(1 + (-3 - -1)). Suppose -3*f - f - l*p + 5 = 0, -5*f = -5*p - 50. Suppose c = 2*j - 3*c - 8, 0 = 2*j - f*c - 6. List the prime factors of j.
2
Suppose -j - 5*y + 347 = 0, -5*j = 2*y - 575 - 1137. What are the prime factors of j?
2, 3, 19
Suppose -4*f = -7 - 5. Let j be f*4/6 - 20. Let a = -11 - j. List the prime factors of a.
7
Let c(t) = t**3 + 2*t**2 + 4*t - 1. Let n(z) = -3*z**3 - 6*z**2 - 12*z + 3. Let q(l) = 17*c(l) + 6*n(l). List the prime factors of q(-3).
2, 11
Suppose 0 = -4*y + 5*x + 485, -2*y - 4*x + 95 = -y. What are the prime factors of y?
5, 23
Let j = 3 - 3. Suppose 4*d + 8 = j, -d + 24 + 10 = 4*v. What are the prime factors of v?
3
Let g be 2*-1*44/8. Let n = g + 15. Suppose 0 = f - 5*l + 8, -n*f - 5*l + 6 = -6*f. List the prime factors of f.
2
Suppose -o = -19 + 2. Suppose 4*j - o = -r, -r + 12 = j - 5. What are the prime factors of r?
17
Suppose 3*u + u - 140 = -4*c, 0 = 3*c + 2*u - 104. Let x = c - -4. List the prime factors of x.
2, 19
Suppose -3*l - 10 - 5 = -2*j, -2*l = 3*j - 3. List the prime factors of 2/(-3) - (-26)/j.
2
Suppose 2*h + 0*j = 3*j + 193, j + 96 = h. List the prime factors of h.
5, 19
Let m be (-14)/(-2 - -4 - 1). Let x = -54 - m. List the prime factors of x/(-7) - 8/(-28).
2, 3
Let d(q) = 7*q**3 - 5*q**2 - 4*q + 6. List the prime factors of d(3).
2, 3, 23
Let z(a) = -a**3 - 6*a**2 - 6*a - 6. Let k be z(-5). Let f(m) = 20*m. Let n be f(k). Let q = -4 - n. List the prime factors of q.
2
Let w(t) = 7*t - 19. Let q(c) = 2*c - 2. Let y be q(-2). Let i(l) = -l + 3. Let g(a) = y*w(a) - 39*i(a). List the prime factors of g(-8).
3, 7
Suppose -3*a + 34 = -2*a. Suppose 0 = 3*g + 3*s - 69, 2*g - s = -2*g + 77. Let k = a - g. What are the prime factors of k?
2, 7
Let u = -10 - -10. What are the prime factors of -43*(0 - (1 - u))?
43
Let t = 12 + -2. Suppose 5*s = -2*a + 33, 3*s + 5*a - t = 6. What are the prime factors of s?
7
Let g(b) = b**3 - 10*b**2 + 11*b - 13. Let l(h) = -h + 4. Let o be l(-5). What are the prime factors of g(o)?
5
Suppose -5*d + 45 = 5. Let a(c) = -c**2 + 13*c - 10. Let m be a(d). Suppose m = 4*j + j. What are the prime factors of j?
2, 3
Let y(g) = -10*g + 1. Let j be y(3). Let m = -17 - j. List the prime factors of m.
2, 3
Let n(k) = -k - 6. Let v be n(4). Suppose 0 = -5*b - 0*b + 115. Let f = b + v. List the prime factors of f.
13
Let w = -2 - -4. What are the prime factors of ((-40)/(-25))/(w/10)?
2
Suppose 0 = 4*k - 3*a - 106, -2*a = 5*k + 54 - 198. List the prime factors of k.
2, 7
Let b be (-4)/14 - (-444)/84. Let s(d) = -d**3 + 8*d**2 - 8*d + 4. Let x be s(6). Suppose 7 = b*r - 5*t - x, 3*r + t - 37 = 0. What are the prime factors of r?
11
Suppose 2*d = 4*c - 10, 3*d + 0 + 15 = -c. Let q = d - -5. Let n(j) = j**3 - j**2 - j + 11. What are the prime factors of n(q)?
11
What are the prime factors of (0 + -17)/((-7)/14)?
2, 17
Suppose 0 = -2*x - 1 + 5, -3*x = 4*z - 38. Let y(n) = 3*n + 7. What are the prime factors of y(z)?
31
Suppose -2*u + 184 = 2*u. Suppose -2*n + u = 8. What are the prime factors of n?
19
Let p(i) = -2*i - 13. Let j be p(-9). Suppose 0 = j*q - 20 - 40. List the prime factors of q.
2, 3
Let t(f) = -f**2 - 13*f + 16. Let v be t(-12). Suppose 4*d - 20 = v. What are the prime factors of d?
2, 3
Suppose 23 = 2*u - 0*q + 3*q, -5*q = -25. What are the prime factors of 39/u - 3/(-12)?
2, 5
Let v(n) = -n**2 - 6*n + 4. Let z(u) = -u**2 - 6*u + 4. Let r(t) = 3*v(t) - 2*z(t). Let y be (0 - -10)*(-2)/4. What are the prime factors of r(y)?
3
Suppose 2*s = o + 4*s - 2, -5*o + 16 = 4*s. Suppose -2*q + j = -17, 0 = 3*q + 4*j - 12 - 8. List the prime factors of (-1)/o - (-26)/q.
